[Fri Jul 18 23:09:03.390886 2025] [php:error] [pid 9184:tid 5888] [client 40.113.80.145:5022] script 'C:/xampp/htdocs/wxo.php' not found or unable to stat
[Fri Jul 18 23:09:03.437835 2025] [php:error] [pid 9184:tid 5888] [client 40.113.80.145:5022] script 'C:/xampp/htdocs/colour.php' not found or unable to stat
[Fri Jul 18 23:09:03.484638 2025] [php:error] [pid 9184:tid 5888] [client 40.113.80.145:5022] script 'C:/xampp/htdocs/files.php' not found or unable to stat
[Fri Jul 18 23:09:03.531589 2025] [php:error] [pid 9184:tid 5888] [client 40.113.80.145:5022] script 'C:/xampp/htdocs/install.php' not found or unable to stat
[Fri Jul 18 23:09:03.578474 2025] [php:error] [pid 9184:tid 5888] [client 40.113.80.145:5022] script 'C:/xampp/htdocs/wp-contentt.php' not found or unable to stat
[Fri Jul 18 23:09:03.672217 2025] [php:error] [pid 9184:tid 5888] [client 40.113.80.145:5022] script 'C:/xampp/htdocs/config.php' not found or unable to stat
[Fri Jul 18 23:09:03.734733 2025] [php:error] [pid 9184:tid 5888] [client 40.113.80.145:5022] script 'C:/xampp/htdocs/theme.php' not found or unable to stat
[Fri Jul 18 23:09:03.781517 2025] [php:error] [pid 9184:tid 5888] [client 40.113.80.145:5022] script 'C:/xampp/htdocs/block-bindings.php' not found or unable to stat
[Fri Jul 18 23:09:03.828474 2025] [php:error] [pid 9184:tid 5888] [client 40.113.80.145:5022] script 'C:/xampp/htdocs/class_api.php' not found or unable to stat
[Fri Jul 18 23:09:03.875347 2025] [php:error] [pid 9184:tid 5888] [client 40.113.80.145:5022] script 'C:/xampp/htdocs/inputs.php' not found or unable to stat
[Fri Jul 18 23:09:03.922166 2025] [php:error] [pid 9184:tid 5888] [client 40.113.80.145:5022] script 'C:/xampp/htdocs/root.php' not found or unable to stat
[Fri Jul 18 23:09:03.984724 2025] [php:error] [pid 9184:tid 5888] [client 40.113.80.145:5022] script 'C:/xampp/htdocs/menu.php' not found or unable to stat
[Fri Jul 18 23:09:04.031544 2025] [php:error] [pid 9184:tid 5888] [client 40.113.80.145:5022] script 'C:/xampp/htdocs/plugin.php' not found or unable to stat
[Fri Jul 18 23:09:04.078477 2025] [php:error] [pid 9184:tid 5888] [client 40.113.80.145:5022] script 'C:/xampp/htdocs/cloud.php' not found or unable to stat
[Fri Jul 18 23:09:04.125304 2025] [php:error] [pid 9184:tid 5888] [client 40.113.80.145:5022] script 'C:/xampp/htdocs/configs.php' not found or unable to stat
[Fri Jul 18 23:09:04.172231 2025] [php:error] [pid 9184:tid 5888] [client 40.113.80.145:5022] script 'C:/xampp/htdocs/wp-configs.php' not found or unable to stat
[Fri Jul 18 23:09:04.219112 2025] [php:error] [pid 9184:tid 5888] [client 40.113.80.145:5022] script 'C:/xampp/htdocs/update.php' not found or unable to stat
[Fri Jul 18 23:09:04.265987 2025] [php:error] [pid 9184:tid 5888] [client 40.113.80.145:5022] script 'C:/xampp/htdocs/2.php' not found or unable to stat
[Fri Jul 18 23:09:04.312860 2025] [php:error] [pid 9184:tid 5888] [client 40.113.80.145:5022] script 'C:/xampp/htdocs/input.php' not found or unable to stat
[Fri Jul 18 23:09:04.375298 2025] [php:error] [pid 9184:tid 5888] [client 40.113.80.145:5022] script 'C:/xampp/htdocs/aaa.php' not found or unable to stat
[Sat Jul 19 00:24:43.012750 2025] [cgi:error] [pid 9184:tid 6012] [client 89.42.231.140:55960] AH02811: script not found or unable to stat: C:/xampp/cgi-bin/luci
[Sat Jul 19 00:43:33.957839 2025] [cgi:error] [pid 9184:tid 5832] [client 95.214.52.169:29338] AH02811: script not found or unable to stat: C:/xampp/htdocs/dispatch.asp
[Sat Jul 19 01:02:24.595167 2025] [php:error] [pid 9184:tid 5948] [client 185.177.72.9:7368] script 'C:/xampp/htdocs/info.php' not found or unable to stat
[Sat Jul 19 01:02:24.829491 2025] [php:error] [pid 9184:tid 5948] [client 185.177.72.9:7368] script 'C:/xampp/htdocs/phpinfo.php' not found or unable to stat
[Sat Jul 19 01:02:25.360753 2025] [php:error] [pid 9184:tid 5948] [client 185.177.72.9:7368] script 'C:/xampp/htdocs/server-info.php' not found or unable to stat
[Sat Jul 19 01:05:05.455941 2025] [php:error] [pid 9184:tid 6444] [client 185.177.72.9:54558] script 'C:/xampp/htdocs/info.php' not found or unable to stat
[Sat Jul 19 01:05:05.690323 2025] [php:error] [pid 9184:tid 6444] [client 185.177.72.9:54558] script 'C:/xampp/htdocs/phpinfo.php' not found or unable to stat
[Sat Jul 19 01:05:06.221524 2025] [php:error] [pid 9184:tid 6444] [client 185.177.72.9:54558] script 'C:/xampp/htdocs/server-info.php' not found or unable to stat
[Sat Jul 19 01:53:06.982480 2025] [cgi:error] [pid 9184:tid 5888] [client 89.42.231.140:40860] AH02811: script not found or unable to stat: C:/xampp/cgi-bin/luci
[Sat Jul 19 02:01:19.676517 2025] [cgi:error] [pid 9184:tid 636] [client 149.50.96.5:52284] AH02811: script not found or unable to stat: C:/xampp/htdocs/dispatch.asp
[Sat Jul 19 02:55:56.008083 2025] [cgi:error] [pid 9184:tid 6400] [client 95.214.52.169:23134] AH02811: script not found or unable to stat: C:/xampp/htdocs/dispatch.asp
[Sat Jul 19 04:03:35.190567 2025] [cgi:error] [pid 9184:tid 5648] [client 82.115.25.234:57406] malformed header from script 'php-cgi.exe': Bad header: Security Alert! The PHP
[Sat Jul 19 04:03:35.346904 2025] [php:error] [pid 9184:tid 5648] [client 82.115.25.234:57432] script 'C:/xampp/htdocs/test.php' not found or unable to stat
[Sat Jul 19 04:35:57.795841 2025] [php:error] [pid 9184:tid 6352] [client 138.91.59.62:4111] script 'C:/xampp/htdocs/wp-mail.php' not found or unable to stat
[Sat Jul 19 04:35:57.889597 2025] [php:error] [pid 9184:tid 6352] [client 138.91.59.62:4111] script 'C:/xampp/htdocs/WSOEnigma.php' not found or unable to stat
[Sat Jul 19 04:35:58.045776 2025] [php:error] [pid 9184:tid 6352] [client 138.91.59.62:4111] script 'C:/xampp/htdocs/ini.php' not found or unable to stat
[Sat Jul 19 04:35:58.233359 2025] [php:error] [pid 9184:tid 6352] [client 138.91.59.62:4111] script 'C:/xampp/htdocs/upfile.php' not found or unable to stat
[Sat Jul 19 04:35:58.389550 2025] [php:error] [pid 9184:tid 6352] [client 138.91.59.62:4111] script 'C:/xampp/htdocs/zwso.php' not found or unable to stat
[Sat Jul 19 04:35:58.436521 2025] [php:error] [pid 9184:tid 6352] [client 138.91.59.62:4111] script 'C:/xampp/htdocs/bypass.php' not found or unable to stat
[Sat Jul 19 04:35:58.592689 2025] [php:error] [pid 9184:tid 6352] [client 138.91.59.62:4111] script 'C:/xampp/htdocs/moon.php' not found or unable to stat
[Sat Jul 19 04:35:58.780262 2025] [php:error] [pid 9184:tid 6352] [client 138.91.59.62:4111] script 'C:/xampp/htdocs/wp-trackback.php' not found or unable to stat
[Sat Jul 19 04:35:58.873944 2025] [php:error] [pid 9184:tid 6352] [client 138.91.59.62:4111] script 'C:/xampp/htdocs/wp-admin.php' not found or unable to stat
[Sat Jul 19 04:35:58.936436 2025] [php:error] [pid 9184:tid 6352] [client 138.91.59.62:4111] script 'C:/xampp/htdocs/404.php' not found or unable to stat
[Sat Jul 19 04:35:59.733349 2025] [php:error] [pid 9184:tid 6352] [client 138.91.59.62:4111] script 'C:/xampp/htdocs/wp-activate.php' not found or unable to stat
[Sat Jul 19 04:35:59.780293 2025] [php:error] [pid 9184:tid 6352] [client 138.91.59.62:4111] script 'C:/xampp/htdocs/cache-compat.php' not found or unable to stat
[Sat Jul 19 04:35:59.827104 2025] [php:error] [pid 9184:tid 6352] [client 138.91.59.62:4111] script 'C:/xampp/htdocs/admin-post.php' not found or unable to stat
[Sat Jul 19 04:35:59.889614 2025] [php:error] [pid 9184:tid 6352] [client 138.91.59.62:4111] script 'C:/xampp/htdocs/wp-sigunq.php' not found or unable to stat
[Sat Jul 19 04:36:00.327221 2025] [php:error] [pid 9184:tid 6352] [client 138.91.59.62:4111] script 'C:/xampp/htdocs/wp-signup.php' not found or unable to stat
[Sat Jul 19 04:36:00.436571 2025] [php:error] [pid 9184:tid 6352] [client 138.91.59.62:4111] script 'C:/xampp/htdocs/wp-login.php' not found or unable to stat
[Sat Jul 19 04:36:00.530359 2025] [php:error] [pid 9184:tid 6352] [client 138.91.59.62:4111] script 'C:/xampp/htdocs/post.php' not found or unable to stat
[Sat Jul 19 04:36:00.733463 2025] [php:error] [pid 9184:tid 6352] [client 138.91.59.62:4111] script 'C:/xampp/htdocs/wsoyanz.php' not found or unable to stat
[Sat Jul 19 04:36:01.170969 2025] [cgi:error] [pid 9184:tid 6352] [client 138.91.59.62:4111] AH02811: script not found or unable to stat: C:/xampp/cgi-bin/xmrlpc.php
[Sat Jul 19 04:36:01.217848 2025] [php:error] [pid 9184:tid 6352] [client 138.91.59.62:4111] script 'C:/xampp/htdocs/wp-comments-post.php' not found or unable to stat
[Sat Jul 19 04:36:01.264661 2025] [php:error] [pid 9184:tid 6352] [client 138.91.59.62:4111] script 'C:/xampp/htdocs/wp-cron.php' not found or unable to stat
[Sat Jul 19 04:36:01.670926 2025] [php:error] [pid 9184:tid 6352] [client 138.91.59.62:4111] script 'C:/xampp/htdocs/bak.php' not found or unable to stat
[Sat Jul 19 04:36:01.811620 2025] [php:error] [pid 9184:tid 6352] [client 138.91.59.62:4111] script 'C:/xampp/htdocs/ws.php' not found or unable to stat
[Sat Jul 19 04:36:01.905345 2025] [php:error] [pid 9184:tid 6352] [client 138.91.59.62:4111] script 'C:/xampp/htdocs/yanz.php' not found or unable to stat
[Sat Jul 19 04:36:01.967815 2025] [php:error] [pid 9184:tid 6352] [client 138.91.59.62:4111] script 'C:/xampp/htdocs/makeasmtp.php' not found or unable to stat
[Sat Jul 19 04:36:02.014752 2025] [php:error] [pid 9184:tid 6352] [client 138.91.59.62:4111] script 'C:/xampp/htdocs/shell.php' not found or unable to stat
[Sat Jul 19 04:36:02.264776 2025] [php:error] [pid 9184:tid 6352] [client 138.91.59.62:4111] script 'C:/xampp/htdocs/log.php' not found or unable to stat
[Sat Jul 19 04:36:02.671032 2025] [php:error] [pid 9184:tid 6352] [client 138.91.59.62:1063] script 'C:/xampp/htdocs/wp-load.php' not found or unable to stat
[Sat Jul 19 04:36:02.827244 2025] [php:error] [pid 9184:tid 6352] [client 138.91.59.62:1063] script 'C:/xampp/htdocs/css.php' not found or unable to stat
[Sat Jul 19 04:36:02.921049 2025] [php:error] [pid 9184:tid 6352] [client 138.91.59.62:1063] script 'C:/xampp/htdocs/blog.php' not found or unable to stat
[Sat Jul 19 04:36:03.342932 2025] [cgi:error] [pid 9184:tid 6352] [client 138.91.59.62:1063] AH02811: script not found or unable to stat: C:/xampp/cgi-bin/about.php
[Sat Jul 19 04:36:03.764836 2025] [php:error] [pid 9184:tid 6352] [client 138.91.59.62:1063] script 'C:/xampp/htdocs/inputs.php' not found or unable to stat
[Sat Jul 19 04:36:04.405417 2025] [php:error] [pid 9184:tid 6352] [client 138.91.59.62:1063] script 'C:/xampp/htdocs/plugins.php' not found or unable to stat
[Sat Jul 19 04:36:04.514780 2025] [php:error] [pid 9184:tid 6352] [client 138.91.59.62:1063] script 'C:/xampp/htdocs/wp-consar.php' not found or unable to stat
[Sat Jul 19 04:36:05.092933 2025] [php:error] [pid 9184:tid 6352] [client 138.91.59.62:1063] script 'C:/xampp/htdocs/content.php' not found or unable to stat
[Sat Jul 19 04:36:05.249188 2025] [php:error] [pid 9184:tid 6352] [client 138.91.59.62:1063] script 'C:/xampp/htdocs/repeater.php' not found or unable to stat
[Sat Jul 19 04:36:05.405509 2025] [php:error] [pid 9184:tid 6352] [client 138.91.59.62:1063] script 'C:/xampp/htdocs/install.php' not found or unable to stat
[Sat Jul 19 04:36:05.843051 2025] [php:error] [pid 9184:tid 6352] [client 138.91.59.62:1063] script 'C:/xampp/htdocs/wp-conflg.php' not found or unable to stat
[Sat Jul 19 04:36:05.952405 2025] [cgi:error] [pid 9184:tid 6352] [client 138.91.59.62:1063] AH02811: script not found or unable to stat: C:/xampp/cgi-bin/cloud.php
[Sat Jul 19 04:36:06.155546 2025] [php:error] [pid 9184:tid 6352] [client 138.91.59.62:1063] script 'C:/xampp/htdocs/radio.php' not found or unable to stat
[Sat Jul 19 04:36:06.264849 2025] [php:error] [pid 9184:tid 6352] [client 138.91.59.62:1063] script 'C:/xampp/htdocs/ae.php' not found or unable to stat
[Sat Jul 19 04:36:06.358671 2025] [php:error] [pid 9184:tid 6352] [client 138.91.59.62:1063] script 'C:/xampp/htdocs/avaa.php' not found or unable to stat
[Sat Jul 19 04:36:06.405484 2025] [php:error] [pid 9184:tid 6352] [client 138.91.59.62:1063] script 'C:/xampp/htdocs/edit.php' not found or unable to stat
[Sat Jul 19 04:36:06.468004 2025] [php:error] [pid 9184:tid 6352] [client 138.91.59.62:1063] script 'C:/xampp/htdocs/simple.php' not found or unable to stat
[Sat Jul 19 04:36:06.624322 2025] [php:error] [pid 9184:tid 6352] [client 138.91.59.62:1063] script 'C:/xampp/htdocs/ajax-actions.php' not found or unable to stat
[Sat Jul 19 04:36:06.686749 2025] [php:error] [pid 9184:tid 6352] [client 138.91.59.62:1063] script 'C:/xampp/htdocs/wp-2019.php' not found or unable to stat
[Sat Jul 19 04:36:06.952442 2025] [php:error] [pid 9184:tid 6352] [client 138.91.59.62:1063] script 'C:/xampp/htdocs/chosen.php' not found or unable to stat
[Sat Jul 19 04:36:07.014870 2025] [php:error] [pid 9184:tid 6352] [client 138.91.59.62:1063] script 'C:/xampp/htdocs/fw.php' not found or unable to stat
[Sat Jul 19 04:36:07.483672 2025] [php:error] [pid 9184:tid 6352] [client 138.91.59.62:1063] script 'C:/xampp/htdocs/xmrlpc.php' not found or unable to stat
[Sat Jul 19 04:36:07.593057 2025] [php:error] [pid 9184:tid 6352] [client 138.91.59.62:1063] script 'C:/xampp/htdocs/classsmtps.php' not found or unable to stat
[Sat Jul 19 04:36:07.811852 2025] [php:error] [pid 9184:tid 6352] [client 138.91.59.62:1063] script 'C:/xampp/htdocs/xmrlpc.php' not found or unable to stat
[Sat Jul 19 04:36:08.186803 2025] [php:error] [pid 9184:tid 6352] [client 138.91.59.62:1026] script 'C:/xampp/htdocs/alfanew.php' not found or unable to stat
[Sat Jul 19 04:36:08.343121 2025] [php:error] [pid 9184:tid 6352] [client 138.91.59.62:1026] script 'C:/xampp/htdocs/updates.php' not found or unable to stat
[Sat Jul 19 04:36:08.436858 2025] [php:error] [pid 9184:tid 6352] [client 138.91.59.62:1026] script 'C:/xampp/htdocs/hoot.php' not found or unable to stat
[Sat Jul 19 04:36:08.546252 2025] [php:error] [pid 9184:tid 6352] [client 138.91.59.62:1026] script 'C:/xampp/htdocs/mail.php' not found or unable to stat
[Sat Jul 19 04:36:08.608754 2025] [php:error] [pid 9184:tid 6352] [client 138.91.59.62:1026] script 'C:/xampp/htdocs/about.php' not found or unable to stat
[Sat Jul 19 04:36:08.671279 2025] [php:error] [pid 9184:tid 6352] [client 138.91.59.62:1026] script 'C:/xampp/htdocs/xmlrpc.php' not found or unable to stat
[Sat Jul 19 04:36:08.718144 2025] [php:error] [pid 9184:tid 6352] [client 138.91.59.62:1026] script 'C:/xampp/htdocs/geju.php' not found or unable to stat
[Sat Jul 19 04:36:09.030645 2025] [php:error] [pid 9184:tid 6352] [client 138.91.59.62:1026] script 'C:/xampp/htdocs/cloud.php' not found or unable to stat
[Sat Jul 19 04:36:09.343162 2025] [php:error] [pid 9184:tid 6352] [client 138.91.59.62:1026] script 'C:/xampp/htdocs/dropdown.php' not found or unable to stat
[Sat Jul 19 04:36:09.452474 2025] [php:error] [pid 9184:tid 6352] [client 138.91.59.62:1026] script 'C:/xampp/htdocs/wp-blog-header.php' not found or unable to stat
[Sat Jul 19 04:36:09.514976 2025] [php:error] [pid 9184:tid 6352] [client 138.91.59.62:1026] script 'C:/xampp/htdocs/admin.php' not found or unable to stat
[Sat Jul 19 04:36:09.733795 2025] [php:error] [pid 9184:tid 6352] [client 138.91.59.62:1026] script 'C:/xampp/htdocs/wp.php' not found or unable to stat
[Sat Jul 19 04:36:09.843139 2025] [php:error] [pid 9184:tid 6352] [client 138.91.59.62:1026] script 'C:/xampp/htdocs/as.php' not found or unable to stat
[Sat Jul 19 04:36:09.889988 2025] [php:error] [pid 9184:tid 6352] [client 138.91.59.62:1026] script 'C:/xampp/htdocs/themes.php' not found or unable to stat
[Sat Jul 19 05:04:43.766120 2025] [cgi:error] [pid 9184:tid 6352] [client 95.214.52.169:50800] AH02811: script not found or unable to stat: C:/xampp/cgi-bin/luci
[Sat Jul 19 05:52:55.315164 2025] [php:error] [pid 9184:tid 5956] [client 185.177.72.36:56571] script 'C:/xampp/htdocs/phpinfo.php' not found or unable to stat
[Sat Jul 19 05:52:55.408915 2025] [php:error] [pid 9184:tid 5956] [client 185.177.72.36:60214] script 'C:/xampp/htdocs/info.php' not found or unable to stat
[Sat Jul 19 06:31:50.784443 2025] [php:error] [pid 9184:tid 5824] [client 64.62.156.10:37862] script 'C:/xampp/htdocs/info.php' not found or unable to stat
[Sat Jul 19 06:32:01.302977 2025] [php:error] [pid 9184:tid 5876] [client 64.62.156.10:9034] script 'C:/xampp/htdocs/phpinfo.php' not found or unable to stat
[Sat Jul 19 06:59:01.526539 2025] [cgi:error] [pid 9184:tid 5824] [client 95.214.52.169:30476] AH02811: script not found or unable to stat: C:/xampp/htdocs/dispatch.asp
[Sat Jul 19 08:05:13.111742 2025] [cgi:error] [pid 9184:tid 6360] [client 47.93.212.99:33270] AH02811: script not found or unable to stat: C:/xampp/cgi-bin/ViewLog.asp
[Sat Jul 19 09:03:47.720077 2025] [cgi:error] [pid 9184:tid 5628] [client 95.214.52.169:38974] AH02811: script not found or unable to stat: C:/xampp/cgi-bin/luci
[Sat Jul 19 09:13:07.619352 2025] [php:error] [pid 9184:tid 5884] [client 162.216.149.44:63844] script 'C:/xampp/htdocs/webshell.php' not found or unable to stat
[Sat Jul 19 09:13:35.469190 2025] [php:error] [pid 9184:tid 548] [client 147.185.132.131:58978] script 'C:/xampp/htdocs/shell.php' not found or unable to stat
[Sat Jul 19 09:28:16.752457 2025] [php:error] [pid 9184:tid 6172] [client 198.235.24.199:64844] script 'C:/xampp/htdocs/shell.php' not found or unable to stat
[Sat Jul 19 09:32:04.728307 2025] [php:error] [pid 9184:tid 6444] [client 198.235.24.180:57790] script 'C:/xampp/htdocs/webshell.php' not found or unable to stat
[Sat Jul 19 09:38:44.531380 2025] [cgi:error] [pid 9184:tid 6220] [client 149.50.96.5:23234] AH02811: script not found or unable to stat: C:/xampp/cgi-bin/luci
[Sat Jul 19 09:51:03.696706 2025] [php:error] [pid 9184:tid 6324] [client 185.177.72.3:6356] script 'C:/xampp/htdocs/info.php' not found or unable to stat
[Sat Jul 19 09:51:08.634457 2025] [php:error] [pid 9184:tid 6324] [client 185.177.72.3:6356] script 'C:/xampp/htdocs/phpinfo.php' not found or unable to stat
[Sat Jul 19 09:51:28.103951 2025] [php:error] [pid 9184:tid 6024] [client 185.177.72.3:39572] script 'C:/xampp/htdocs/server-info.php' not found or unable to stat
[Sat Jul 19 09:54:10.601103 2025] [php:error] [pid 9184:tid 6532] [client 185.177.72.27:64290] script 'C:/xampp/htdocs/phpinfo.php' not found or unable to stat
[Sat Jul 19 09:54:10.679294 2025] [php:error] [pid 9184:tid 6532] [client 185.177.72.27:64327] script 'C:/xampp/htdocs/info.php' not found or unable to stat
[Sat Jul 19 10:44:57.179488 2025] [cgi:error] [pid 9184:tid 5948] [client 95.214.52.169:25890] AH02811: script not found or unable to stat: C:/xampp/htdocs/dispatch.asp
[Sat Jul 19 11:32:06.694661 2025] [cgi:error] [pid 9184:tid 5712] [client 149.50.96.5:34884] AH02811: script not found or unable to stat: C:/xampp/htdocs/login.asp
[Sat Jul 19 12:26:11.301821 2025] [php:error] [pid 9184:tid 5816] [client 205.210.31.225:57508] script 'C:/xampp/htdocs/shell.php' not found or unable to stat
[Sat Jul 19 12:35:51.110887 2025] [php:error] [pid 9184:tid 5968] [client 147.185.132.109:61356] script 'C:/xampp/htdocs/webshell.php' not found or unable to stat
[Sat Jul 19 12:47:52.372667 2025] [php:error] [pid 9184:tid 5816] [client 198.235.24.75:65318] script 'C:/xampp/htdocs/webshell.php' not found or unable to stat
[Sat Jul 19 12:49:21.533738 2025] [php:error] [pid 9184:tid 6400] [client 205.210.31.104:58652] script 'C:/xampp/htdocs/shell.php' not found or unable to stat
[Sat Jul 19 13:06:07.397543 2025] [cgi:error] [pid 9184:tid 5816] [client 95.214.52.169:27094] AH02811: script not found or unable to stat: C:/xampp/cgi-bin/luci
[Sat Jul 19 13:09:53.483999 2025] [core:error] [pid 9184:tid 5924] [client 176.32.38.39:42922] AH10244: invalid URI path (/cgi-bin/.%2e/.%2e/.%2e/.%2e/.%2e/.%2e/.%2e/.%2e/.%2e/.%2e/bin/sh)
[Sat Jul 19 13:38:12.098060 2025] [php:error] [pid 9184:tid 6432] [client 35.247.181.237:56943] script 'C:/xampp/htdocs/xmlrpc.php' not found or unable to stat
[Sat Jul 19 15:31:45.564731 2025] [php:error] [pid 9184:tid 5860] [client 147.185.132.112:63328] script 'C:/xampp/htdocs/shell.php' not found or unable to stat
[Sat Jul 19 15:46:33.463450 2025] [php:error] [pid 9184:tid 6496] [client 198.235.24.252:64512] script 'C:/xampp/htdocs/webshell.php' not found or unable to stat
[Sat Jul 19 16:31:16.417808 2025] [cgi:error] [pid 9184:tid 6140] [client 149.50.96.5:33104] AH02811: script not found or unable to stat: C:/xampp/htdocs/bapply.cgi, referer: http://82.77.64.253:80/apply.cgi
[Sat Jul 19 18:00:17.303575 2025] [cgi:error] [pid 9184:tid 6236] [client 149.50.96.5:34530] AH02811: script not found or unable to stat: C:/xampp/cgi-bin/index.html
[Sat Jul 19 19:00:11.384428 2025] [php:error] [pid 9184:tid 6060] [client 185.177.72.111:42200] script 'C:/xampp/htdocs/inf.php' not found or unable to stat
[Sat Jul 19 19:00:11.571937 2025] [php:error] [pid 9184:tid 6060] [client 185.177.72.111:42200] script 'C:/xampp/htdocs/test.php' not found or unable to stat
[Sat Jul 19 19:00:11.603187 2025] [php:error] [pid 9184:tid 6060] [client 185.177.72.111:42200] script 'C:/xampp/htdocs/info1.php' not found or unable to stat
[Sat Jul 19 19:00:11.993827 2025] [php:error] [pid 9184:tid 6060] [client 185.177.72.111:42200] script 'C:/xampp/htdocs/.env.php' not found or unable to stat
[Sat Jul 19 19:00:17.165965 2025] [php:error] [pid 9184:tid 6060] [client 185.177.72.111:42200] script 'C:/xampp/htdocs/i.php' not found or unable to stat
[Sat Jul 19 19:00:22.853618 2025] [php:error] [pid 9184:tid 6060] [client 185.177.72.111:42200] script 'C:/xampp/htdocs/p.php' not found or unable to stat
[Sat Jul 19 19:00:29.338237 2025] [proxy:error] [pid 9184:tid 6060] (OS 10061)No connection could be made because the target machine actively refused it. : AH00957: AJP: attempt to connect to 127.0.0.1:8009 (127.0.0.1:8009) failed
[Sat Jul 19 19:00:29.338237 2025] [proxy_ajp:error] [pid 9184:tid 6060] [client 185.177.72.111:42200] AH00896: failed to make connection to backend: 127.0.0.1
[Sat Jul 19 19:00:31.150807 2025] [php:error] [pid 9184:tid 6004] [client 185.177.72.111:27712] script 'C:/xampp/htdocs/test4.php' not found or unable to stat
[Sat Jul 19 19:00:31.619654 2025] [php:error] [pid 9184:tid 6004] [client 185.177.72.111:27712] script 'C:/xampp/htdocs/phpinfo3.php' not found or unable to stat
[Sat Jul 19 19:00:33.510837 2025] [php:error] [pid 9184:tid 6004] [client 185.177.72.111:27712] script 'C:/xampp/htdocs/linusadmin-phpinfo.php' not found or unable to stat
[Sat Jul 19 19:00:34.339059 2025] [php:error] [pid 9184:tid 6004] [client 185.177.72.111:27712] script 'C:/xampp/htdocs/info2.php' not found or unable to stat
[Sat Jul 19 19:00:51.370943 2025] [php:error] [pid 9184:tid 6324] [client 185.177.72.111:10638] script 'C:/xampp/htdocs/test_info.php' not found or unable to stat
[Sat Jul 19 19:00:51.464628 2025] [php:error] [pid 9184:tid 6324] [client 185.177.72.111:10638] script 'C:/xampp/htdocs/php_info.php' not found or unable to stat
[Sat Jul 19 19:00:51.870980 2025] [php:error] [pid 9184:tid 6324] [client 185.177.72.111:10638] script 'C:/xampp/htdocs/info.php' not found or unable to stat
[Sat Jul 19 19:00:58.714904 2025] [proxy:error] [pid 9184:tid 6324] (OS 10061)No connection could be made because the target machine actively refused it. : AH00957: AJP: attempt to connect to 127.0.0.1:8009 (127.0.0.1:8009) failed
[Sat Jul 19 19:00:58.714904 2025] [proxy_ajp:error] [pid 9184:tid 6324] [client 185.177.72.111:10638] AH00896: failed to make connection to backend: 127.0.0.1
[Sat Jul 19 19:01:02.949449 2025] [php:error] [pid 9184:tid 6324] [client 185.177.72.111:31440] script 'C:/xampp/htdocs/phpinfo.php' not found or unable to stat
[Sat Jul 19 19:01:11.074752 2025] [php:error] [pid 9184:tid 6540] [client 185.177.72.111:64106] script 'C:/xampp/htdocs/app_dev.php' not found or unable to stat
[Sat Jul 19 19:01:11.402888 2025] [php:error] [pid 9184:tid 6540] [client 185.177.72.111:64106] script 'C:/xampp/htdocs/developer.php' not found or unable to stat
[Sat Jul 19 19:01:17.153112 2025] [php:error] [pid 9184:tid 6540] [client 185.177.72.111:64106] script 'C:/xampp/htdocs/phpinfo2.php' not found or unable to stat
[Sat Jul 19 19:01:19.387566 2025] [php:error] [pid 9184:tid 6540] [client 185.177.72.111:64106] script 'C:/xampp/htdocs/test_info2.php' not found or unable to stat
[Sat Jul 19 19:01:19.481385 2025] [core:error] [pid 9184:tid 6540] (20025)The given path contained wildcard characters: [client 185.177.72.111:64106] AH00036: access to /redis-*.conf failed (filesystem path 'C:/xampp/htdocs/redis-*.conf')
[Sat Jul 19 19:01:19.965713 2025] [php:error] [pid 9184:tid 6540] [client 185.177.72.111:64106] script 'C:/xampp/htdocs/dev.php' not found or unable to stat
[Sat Jul 19 19:01:30.137998 2025] [php:error] [pid 9184:tid 6540] [client 185.177.72.111:64106] script 'C:/xampp/htdocs/dep.php' not found or unable to stat
[Sat Jul 19 19:01:37.247706 2025] [php:error] [pid 9184:tid 6540] [client 185.177.72.111:64106] script 'C:/xampp/htdocs/info.php' not found or unable to stat
[Sat Jul 19 19:10:34.060474 2025] [php:error] [pid 9184:tid 5784] [client 138.91.49.60:11879] script 'C:/xampp/htdocs/dropdown.php' not found or unable to stat
[Sat Jul 19 19:10:34.107351 2025] [php:error] [pid 9184:tid 5784] [client 138.91.49.60:11879] script 'C:/xampp/htdocs/makeasmtp.php' not found or unable to stat
[Sat Jul 19 19:10:34.169849 2025] [php:error] [pid 9184:tid 5784] [client 138.91.49.60:11879] script 'C:/xampp/htdocs/wp-sigunq.php' not found or unable to stat
[Sat Jul 19 19:10:34.232290 2025] [php:error] [pid 9184:tid 5784] [client 138.91.49.60:11879] script 'C:/xampp/htdocs/wso112233.php' not found or unable to stat
[Sat Jul 19 19:10:34.294859 2025] [php:error] [pid 9184:tid 5784] [client 138.91.49.60:11879] script 'C:/xampp/htdocs/alfanew.php' not found or unable to stat
[Sat Jul 19 19:10:34.341743 2025] [php:error] [pid 9184:tid 5784] [client 138.91.49.60:11879] script 'C:/xampp/htdocs/fw.php' not found or unable to stat
[Sat Jul 19 19:10:34.404236 2025] [php:error] [pid 9184:tid 5784] [client 138.91.49.60:11879] script 'C:/xampp/htdocs/install.php' not found or unable to stat
[Sat Jul 19 19:10:34.466675 2025] [php:error] [pid 9184:tid 5784] [client 138.91.49.60:11879] script 'C:/xampp/htdocs/wp-login.php' not found or unable to stat
[Sat Jul 19 19:10:34.513577 2025] [php:error] [pid 9184:tid 5784] [client 138.91.49.60:11879] script 'C:/xampp/htdocs/chosen.php' not found or unable to stat
[Sat Jul 19 19:10:34.576119 2025] [php:error] [pid 9184:tid 5784] [client 138.91.49.60:11879] script 'C:/xampp/htdocs/simple.php' not found or unable to stat
[Sat Jul 19 19:10:34.638571 2025] [php:error] [pid 9184:tid 5784] [client 138.91.49.60:11879] script 'C:/xampp/htdocs/inputs.php' not found or unable to stat
[Sat Jul 19 19:10:34.685430 2025] [php:error] [pid 9184:tid 5784] [client 138.91.49.60:11879] script 'C:/xampp/htdocs/classsmtps.php' not found or unable to stat
[Sat Jul 19 19:10:34.748022 2025] [php:error] [pid 9184:tid 5784] [client 138.91.49.60:11879] script 'C:/xampp/htdocs/wp-blog-header.php' not found or unable to stat
[Sat Jul 19 19:10:34.810504 2025] [php:error] [pid 9184:tid 5784] [client 138.91.49.60:11879] script 'C:/xampp/htdocs/wp-trackback.php' not found or unable to stat
[Sat Jul 19 19:10:34.857378 2025] [php:error] [pid 9184:tid 5784] [client 138.91.49.60:11879] script 'C:/xampp/htdocs/wp-signup.php' not found or unable to stat
[Sat Jul 19 19:10:34.919880 2025] [php:error] [pid 9184:tid 5784] [client 138.91.49.60:11879] script 'C:/xampp/htdocs/wp-comments-post.php' not found or unable to stat
[Sat Jul 19 19:10:34.982395 2025] [php:error] [pid 9184:tid 5784] [client 138.91.49.60:11879] script 'C:/xampp/htdocs/wp-cron.php' not found or unable to stat
[Sat Jul 19 19:10:35.029260 2025] [php:error] [pid 9184:tid 5784] [client 138.91.49.60:11879] script 'C:/xampp/htdocs/wp-load.php' not found or unable to stat
[Sat Jul 19 19:10:35.091701 2025] [php:error] [pid 9184:tid 5784] [client 138.91.49.60:11879] script 'C:/xampp/htdocs/wp-mail.php' not found or unable to stat
[Sat Jul 19 19:10:35.138640 2025] [php:error] [pid 9184:tid 5784] [client 138.91.49.60:11879] script 'C:/xampp/htdocs/edit.php' not found or unable to stat
[Sat Jul 19 19:10:35.201077 2025] [php:error] [pid 9184:tid 5784] [client 138.91.49.60:11879] script 'C:/xampp/htdocs/wp-activate.php' not found or unable to stat
[Sat Jul 19 19:10:35.263646 2025] [php:error] [pid 9184:tid 5784] [client 138.91.49.60:11879] script 'C:/xampp/htdocs/plugins.php' not found or unable to stat
[Sat Jul 19 19:10:35.326159 2025] [php:error] [pid 9184:tid 5784] [client 138.91.49.60:11879] script 'C:/xampp/htdocs/post.php' not found or unable to stat
[Sat Jul 19 19:10:35.373025 2025] [php:error] [pid 9184:tid 5784] [client 138.91.49.60:11879] script 'C:/xampp/htdocs/admin.php' not found or unable to stat
[Sat Jul 19 19:10:35.435528 2025] [php:error] [pid 9184:tid 5784] [client 138.91.49.60:11879] script 'C:/xampp/htdocs/about.php' not found or unable to stat
[Sat Jul 19 19:10:35.498027 2025] [php:error] [pid 9184:tid 5784] [client 138.91.49.60:11879] script 'C:/xampp/htdocs/wp-2019.php' not found or unable to stat
[Sat Jul 19 19:10:35.560534 2025] [php:error] [pid 9184:tid 5784] [client 138.91.49.60:11879] script 'C:/xampp/htdocs/geju.php' not found or unable to stat
[Sat Jul 19 19:10:35.607408 2025] [php:error] [pid 9184:tid 5784] [client 138.91.49.60:11879] script 'C:/xampp/htdocs/wp.php' not found or unable to stat
[Sat Jul 19 19:10:35.669916 2025] [php:error] [pid 9184:tid 5784] [client 138.91.49.60:11879] script 'C:/xampp/htdocs/hoot.php' not found or unable to stat
[Sat Jul 19 19:10:35.716774 2025] [php:error] [pid 9184:tid 5784] [client 138.91.49.60:11879] script 'C:/xampp/htdocs/about.php' not found or unable to stat
[Sat Jul 19 19:10:35.779287 2025] [php:error] [pid 9184:tid 5784] [client 138.91.49.60:11879] script 'C:/xampp/htdocs/admin.php' not found or unable to stat
[Sat Jul 19 19:10:35.841774 2025] [php:error] [pid 9184:tid 5784] [client 138.91.49.60:11879] script 'C:/xampp/htdocs/css.php' not found or unable to stat
[Sat Jul 19 19:10:35.888671 2025] [php:error] [pid 9184:tid 5784] [client 138.91.49.60:11879] script 'C:/xampp/htdocs/simple.php' not found or unable to stat
[Sat Jul 19 19:10:35.951109 2025] [php:error] [pid 9184:tid 5784] [client 138.91.49.60:11879] script 'C:/xampp/htdocs/log.php' not found or unable to stat
[Sat Jul 19 19:10:36.013680 2025] [php:error] [pid 9184:tid 5784] [client 138.91.49.60:11879] script 'C:/xampp/htdocs/mail.php' not found or unable to stat
[Sat Jul 19 19:10:36.060550 2025] [php:error] [pid 9184:tid 5784] [client 138.91.49.60:11879] script 'C:/xampp/htdocs/bak.php' not found or unable to stat
[Sat Jul 19 19:10:36.123057 2025] [php:error] [pid 9184:tid 5784] [client 138.91.49.60:11879] script 'C:/xampp/htdocs/content.php' not found or unable to stat
[Sat Jul 19 19:10:36.185551 2025] [php:error] [pid 9184:tid 5784] [client 138.91.49.60:11879] script 'C:/xampp/htdocs/upfile.php' not found or unable to stat
[Sat Jul 19 19:10:36.248057 2025] [php:error] [pid 9184:tid 5784] [client 138.91.49.60:11879] script 'C:/xampp/htdocs/wp.php' not found or unable to stat
[Sat Jul 19 19:10:36.294932 2025] [php:error] [pid 9184:tid 5784] [client 138.91.49.60:11879] script 'C:/xampp/htdocs/wp-conflg.php' not found or unable to stat
[Sat Jul 19 19:10:36.357414 2025] [php:error] [pid 9184:tid 5784] [client 138.91.49.60:11879] script 'C:/xampp/htdocs/bypass.php' not found or unable to stat
[Sat Jul 19 19:10:36.404313 2025] [php:error] [pid 9184:tid 5784] [client 138.91.49.60:11879] script 'C:/xampp/htdocs/404.php' not found or unable to stat
[Sat Jul 19 19:10:36.451193 2025] [php:error] [pid 9184:tid 5784] [client 138.91.49.60:11879] script 'C:/xampp/htdocs/updates.php' not found or unable to stat
[Sat Jul 19 19:10:36.498067 2025] [php:error] [pid 9184:tid 5784] [client 138.91.49.60:11879] script 'C:/xampp/htdocs/radio.php' not found or unable to stat
[Sat Jul 19 19:10:36.544948 2025] [php:error] [pid 9184:tid 5784] [client 138.91.49.60:11879] script 'C:/xampp/htdocs/xmrlpc.php' not found or unable to stat
[Sat Jul 19 19:10:36.591825 2025] [php:error] [pid 9184:tid 5784] [client 138.91.49.60:11879] script 'C:/xampp/htdocs/ae.php' not found or unable to stat
[Sat Jul 19 19:10:36.654337 2025] [php:error] [pid 9184:tid 5784] [client 138.91.49.60:11879] script 'C:/xampp/htdocs/moon.php' not found or unable to stat
[Sat Jul 19 19:10:36.701202 2025] [php:error] [pid 9184:tid 5784] [client 138.91.49.60:11879] script 'C:/xampp/htdocs/blog.php' not found or unable to stat
[Sat Jul 19 19:10:36.748080 2025] [php:error] [pid 9184:tid 5784] [client 138.91.49.60:11879] script 'C:/xampp/htdocs/themes.php' not found or unable to stat
[Sat Jul 19 19:10:36.794957 2025] [php:error] [pid 9184:tid 5784] [client 138.91.49.60:11879] script 'C:/xampp/htdocs/ini.php' not found or unable to stat
[Sat Jul 19 19:10:36.841831 2025] [php:error] [pid 9184:tid 5784] [client 138.91.49.60:11879] script 'C:/xampp/htdocs/as.php' not found or unable to stat
[Sat Jul 19 19:10:36.888708 2025] [php:error] [pid 9184:tid 5784] [client 138.91.49.60:11879] script 'C:/xampp/htdocs/shell.php' not found or unable to stat
[Sat Jul 19 19:10:36.935585 2025] [php:error] [pid 9184:tid 5784] [client 138.91.49.60:11879] script 'C:/xampp/htdocs/ws.php' not found or unable to stat
[Sat Jul 19 19:17:37.996238 2025] [cgi:error] [pid 9184:tid 6380] [client 144.172.122.50:40706] malformed header from script 'php-cgi.exe': Bad header: Security Alert! The PHP
[Sat Jul 19 20:17:34.008253 2025] [php:error] [pid 9184:tid 6176] [client 185.177.72.111:3156] script 'C:/xampp/htdocs/inf.php' not found or unable to stat
[Sat Jul 19 20:17:34.195761 2025] [php:error] [pid 9184:tid 6176] [client 185.177.72.111:3156] script 'C:/xampp/htdocs/test.php' not found or unable to stat
[Sat Jul 19 20:17:34.242637 2025] [php:error] [pid 9184:tid 6176] [client 185.177.72.111:3156] script 'C:/xampp/htdocs/info1.php' not found or unable to stat
[Sat Jul 19 20:17:34.570777 2025] [php:error] [pid 9184:tid 6176] [client 185.177.72.111:3156] script 'C:/xampp/htdocs/.env.php' not found or unable to stat
[Sat Jul 19 20:17:35.539483 2025] [php:error] [pid 9184:tid 6176] [client 185.177.72.111:3156] script 'C:/xampp/htdocs/i.php' not found or unable to stat
[Sat Jul 19 20:17:36.039509 2025] [php:error] [pid 9184:tid 6176] [client 185.177.72.111:3156] script 'C:/xampp/htdocs/p.php' not found or unable to stat
[Sat Jul 19 20:17:38.264783 2025] [proxy:error] [pid 9184:tid 6176] (OS 10061)No connection could be made because the target machine actively refused it. : AH00957: AJP: attempt to connect to 127.0.0.1:8009 (127.0.0.1:8009) failed
[Sat Jul 19 20:17:38.264783 2025] [proxy_ajp:error] [pid 9184:tid 6176] [client 185.177.72.111:3156] AH00896: failed to make connection to backend: 127.0.0.1
[Sat Jul 19 20:17:42.889888 2025] [php:error] [pid 9184:tid 5792] [client 185.177.72.111:2402] script 'C:/xampp/htdocs/test4.php' not found or unable to stat
[Sat Jul 19 20:17:44.124312 2025] [php:error] [pid 9184:tid 5792] [client 185.177.72.111:2402] script 'C:/xampp/htdocs/phpinfo3.php' not found or unable to stat
[Sat Jul 19 20:17:44.671210 2025] [php:error] [pid 9184:tid 5792] [client 185.177.72.111:2402] script 'C:/xampp/htdocs/linusadmin-phpinfo.php' not found or unable to stat
[Sat Jul 19 20:17:50.507108 2025] [php:error] [pid 9184:tid 5792] [client 185.177.72.111:2402] script 'C:/xampp/htdocs/info2.php' not found or unable to stat
[Sat Jul 19 20:18:11.526954 2025] [php:error] [pid 9184:tid 548] [client 185.177.72.111:61132] script 'C:/xampp/htdocs/test_info.php' not found or unable to stat
[Sat Jul 19 20:18:11.605047 2025] [php:error] [pid 9184:tid 548] [client 185.177.72.111:61132] script 'C:/xampp/htdocs/php_info.php' not found or unable to stat
[Sat Jul 19 20:18:12.026914 2025] [php:error] [pid 9184:tid 548] [client 185.177.72.111:61132] script 'C:/xampp/htdocs/info.php' not found or unable to stat
[Sat Jul 19 20:18:14.605147 2025] [proxy:error] [pid 9184:tid 548] (OS 10061)No connection could be made because the target machine actively refused it. : AH00957: AJP: attempt to connect to 127.0.0.1:8009 (127.0.0.1:8009) failed
[Sat Jul 19 20:18:14.605147 2025] [proxy_ajp:error] [pid 9184:tid 548] [client 185.177.72.111:61132] AH00896: failed to make connection to backend: 127.0.0.1
[Sat Jul 19 20:18:22.886712 2025] [php:error] [pid 9184:tid 5780] [client 185.177.72.111:29150] script 'C:/xampp/htdocs/phpinfo.php' not found or unable to stat
[Sat Jul 19 20:18:33.355864 2025] [php:error] [pid 9184:tid 5812] [client 185.177.72.111:26980] script 'C:/xampp/htdocs/app_dev.php' not found or unable to stat
[Sat Jul 19 20:18:33.543373 2025] [php:error] [pid 9184:tid 5812] [client 185.177.72.111:26980] script 'C:/xampp/htdocs/developer.php' not found or unable to stat
[Sat Jul 19 20:18:33.855887 2025] [php:error] [pid 9184:tid 5812] [client 185.177.72.111:26980] script 'C:/xampp/htdocs/phpinfo2.php' not found or unable to stat
[Sat Jul 19 20:18:39.324843 2025] [php:error] [pid 9184:tid 5812] [client 185.177.72.111:26980] script 'C:/xampp/htdocs/test_info2.php' not found or unable to stat
[Sat Jul 19 20:18:50.012819 2025] [php:error] [pid 9184:tid 6176] [client 185.177.72.111:35068] script 'C:/xampp/htdocs/dev.php' not found or unable to stat
[Sat Jul 19 20:18:56.153612 2025] [php:error] [pid 9184:tid 6176] [client 185.177.72.111:35068] script 'C:/xampp/htdocs/dep.php' not found or unable to stat
[Sat Jul 19 20:19:23.194719 2025] [php:error] [pid 9184:tid 6556] [client 185.177.72.111:11924] script 'C:/xampp/htdocs/info.php' not found or unable to stat
[Sat Jul 19 20:19:33.163790 2025] [php:error] [pid 9184:tid 5920] [client 185.177.72.111:63362] script 'C:/xampp/htdocs/test_phpinfo3.php' not found or unable to stat
[Sat Jul 19 20:21:33.897369 2025] [php:error] [pid 9184:tid 6380] [client 185.177.72.111:34398] script 'C:/xampp/htdocs/inf.php' not found or unable to stat
[Sat Jul 19 20:21:34.600492 2025] [php:error] [pid 9184:tid 6380] [client 185.177.72.111:34398] script 'C:/xampp/htdocs/test.php' not found or unable to stat
[Sat Jul 19 20:21:34.850505 2025] [php:error] [pid 9184:tid 6380] [client 185.177.72.111:34398] script 'C:/xampp/htdocs/info1.php' not found or unable to stat
[Sat Jul 19 20:21:44.732904 2025] [php:error] [pid 9184:tid 5912] [client 185.177.72.111:44648] script 'C:/xampp/htdocs/.env.php' not found or unable to stat
[Sat Jul 19 20:21:45.498555 2025] [php:error] [pid 9184:tid 5912] [client 185.177.72.111:44648] script 'C:/xampp/htdocs/i.php' not found or unable to stat
[Sat Jul 19 20:22:06.114005 2025] [php:error] [pid 9184:tid 5812] [client 185.177.72.111:36648] script 'C:/xampp/htdocs/p.php' not found or unable to stat
[Sat Jul 19 20:22:08.747464 2025] [proxy:error] [pid 9184:tid 5812] (OS 10061)No connection could be made because the target machine actively refused it. : AH00957: AJP: attempt to connect to 127.0.0.1:8009 (127.0.0.1:8009) failed
[Sat Jul 19 20:22:08.747464 2025] [proxy_ajp:error] [pid 9184:tid 5812] [client 185.177.72.111:36648] AH00896: failed to make connection to backend: 127.0.0.1
[Sat Jul 19 20:22:14.419400 2025] [php:error] [pid 9184:tid 6556] [client 185.177.72.111:43914] script 'C:/xampp/htdocs/test4.php' not found or unable to stat
[Sat Jul 19 20:22:14.747547 2025] [php:error] [pid 9184:tid 6556] [client 185.177.72.111:43914] script 'C:/xampp/htdocs/phpinfo3.php' not found or unable to stat
[Sat Jul 19 20:22:16.419485 2025] [php:error] [pid 9184:tid 6556] [client 185.177.72.111:43914] script 'C:/xampp/htdocs/linusadmin-phpinfo.php' not found or unable to stat
[Sat Jul 19 20:22:26.048944 2025] [php:error] [pid 9184:tid 6556] [client 185.177.72.111:47410] script 'C:/xampp/htdocs/info2.php' not found or unable to stat
[Sat Jul 19 20:22:37.783771 2025] [php:error] [pid 9184:tid 6556] [client 185.177.72.111:52994] script 'C:/xampp/htdocs/test_info.php' not found or unable to stat
[Sat Jul 19 20:22:37.940025 2025] [php:error] [pid 9184:tid 6556] [client 185.177.72.111:52994] script 'C:/xampp/htdocs/php_info.php' not found or unable to stat
[Sat Jul 19 20:22:46.205906 2025] [php:error] [pid 9184:tid 5888] [client 185.177.72.111:58546] script 'C:/xampp/htdocs/info.php' not found or unable to stat
[Sat Jul 19 20:22:49.799796 2025] [proxy:error] [pid 9184:tid 5888] (OS 10061)No connection could be made because the target machine actively refused it. : AH00957: AJP: attempt to connect to 127.0.0.1:8009 (127.0.0.1:8009) failed
[Sat Jul 19 20:22:49.799796 2025] [proxy_ajp:error] [pid 9184:tid 5888] [client 185.177.72.111:58546] AH00896: failed to make connection to backend: 127.0.0.1
[Sat Jul 19 20:47:36.744008 2025] [core:error] [pid 9184:tid 5804] [client 139.129.18.231:57478] AH10244: invalid URI path (/cgi-bin/.%2e/.%2e/.%2e/.%2e/.%2e/.%2e/.%2e/.%2e/.%2e/.%2e/bin/sh)
[Sat Jul 19 20:47:40.228514 2025] [core:error] [pid 9184:tid 5940] [client 139.129.18.231:59578] AH10244: invalid URI path (/cgi-bin/%%32%65%%32%65/%%32%65%%32%65/%%32%65%%32%65/%%32%65%%32%65/%%32%65%%32%65/%%32%65%%32%65/%%32%65%%32%65/bin/sh)
[Sat Jul 19 22:50:56.689035 2025] [php:error] [pid 9184:tid 5824] [client 46.101.99.185:41714] script 'C:/xampp/htdocs/upl.php' not found or unable to stat
[Sat Jul 19 22:50:56.939045 2025] [php:error] [pid 9184:tid 5824] [client 46.101.99.185:41738] script 'C:/xampp/htdocs/1.php' not found or unable to stat
[Sat Jul 19 22:50:57.095300 2025] [php:error] [pid 9184:tid 5824] [client 46.101.99.185:41766] script 'C:/xampp/htdocs/password.php' not found or unable to stat
[Sun Jul 20 00:02:35.883410 2025] [php:error] [pid 9184:tid 5844] [client 185.177.72.3:37014] script 'C:/xampp/htdocs/info.php' not found or unable to stat
[Sun Jul 20 00:02:36.133438 2025] [php:error] [pid 9184:tid 5844] [client 185.177.72.3:37014] script 'C:/xampp/htdocs/phpinfo.php' not found or unable to stat
[Sun Jul 20 00:02:36.742894 2025] [php:error] [pid 9184:tid 5844] [client 185.177.72.3:37014] script 'C:/xampp/htdocs/server-info.php' not found or unable to stat
[Sun Jul 20 00:50:11.213248 2025] [cgi:error] [pid 9184:tid 5940] [client 149.50.96.5:63802] AH02811: script not found or unable to stat: C:/xampp/htdocs/dispatch.asp
[Sun Jul 20 01:40:10.027264 2025] [php:error] [pid 9184:tid 6500] [client 139.59.228.155:64807] script 'C:/xampp/htdocs/xmlrpc.php' not found or unable to stat
[Sun Jul 20 03:11:29.247496 2025] [php:error] [pid 9184:tid 5800] [client 198.235.24.106:60310] script 'C:/xampp/htdocs/webshell.php' not found or unable to stat
[Sun Jul 20 03:12:48.835177 2025] [php:error] [pid 9184:tid 6352] [client 205.210.31.195:60284] script 'C:/xampp/htdocs/shell.php' not found or unable to stat
[Sun Jul 20 04:18:29.506575 2025] [php:error] [pid 9184:tid 5936] [client 82.165.166.236:56606] script 'C:/xampp/htdocs/wp-login.php' not found or unable to stat, referer: https://t.co/
[Sun Jul 20 04:21:30.511703 2025] [php:error] [pid 9184:tid 524] [client 137.184.139.63:43810] script 'C:/xampp/htdocs/database.php' not found or unable to stat
[Sun Jul 20 04:21:30.527284 2025] [php:error] [pid 9184:tid 6176] [client 137.184.139.63:43792] script 'C:/xampp/htdocs/db.php' not found or unable to stat
[Sun Jul 20 04:21:30.527284 2025] [php:error] [pid 9184:tid 5704] [client 137.184.139.63:43760] script 'C:/xampp/htdocs/dbconfig.php' not found or unable to stat
[Sun Jul 20 04:21:30.636646 2025] [php:error] [pid 9184:tid 524] [client 137.184.139.63:43810] script 'C:/xampp/htdocs/database.php' not found or unable to stat
[Sun Jul 20 04:21:30.636646 2025] [php:error] [pid 9184:tid 6176] [client 137.184.139.63:43792] script 'C:/xampp/htdocs/db.php' not found or unable to stat
[Sun Jul 20 04:21:30.636646 2025] [php:error] [pid 9184:tid 5704] [client 137.184.139.63:43760] script 'C:/xampp/htdocs/dbconfig.php' not found or unable to stat
[Sun Jul 20 04:21:31.167984 2025] [php:error] [pid 9184:tid 524] [client 137.184.139.63:43810] script 'C:/xampp/htdocs/wp-config.php' not found or unable to stat
[Sun Jul 20 04:21:31.292915 2025] [php:error] [pid 9184:tid 524] [client 137.184.139.63:43810] script 'C:/xampp/htdocs/wp-config.php' not found or unable to stat
[Sun Jul 20 04:21:31.839879 2025] [php:error] [pid 9184:tid 524] [client 137.184.139.63:43810] script 'C:/xampp/htdocs/info.php' not found or unable to stat
[Sun Jul 20 04:21:31.839879 2025] [php:error] [pid 9184:tid 5704] [client 137.184.139.63:43760] script 'C:/xampp/htdocs/phpinfo.php' not found or unable to stat
[Sun Jul 20 04:21:31.839879 2025] [php:error] [pid 9184:tid 5880] [client 137.184.139.63:43768] script 'C:/xampp/htdocs/php_info.php' not found or unable to stat
[Sun Jul 20 04:21:31.839879 2025] [php:error] [pid 9184:tid 6176] [client 137.184.139.63:43792] script 'C:/xampp/htdocs/server_info.php' not found or unable to stat
[Sun Jul 20 04:21:31.949260 2025] [php:error] [pid 9184:tid 524] [client 137.184.139.63:43810] script 'C:/xampp/htdocs/info.php' not found or unable to stat
[Sun Jul 20 04:21:31.964881 2025] [php:error] [pid 9184:tid 5880] [client 137.184.139.63:43768] script 'C:/xampp/htdocs/php_info.php' not found or unable to stat
[Sun Jul 20 04:21:31.964881 2025] [php:error] [pid 9184:tid 6176] [client 137.184.139.63:43792] script 'C:/xampp/htdocs/server_info.php' not found or unable to stat
[Sun Jul 20 04:21:31.964881 2025] [php:error] [pid 9184:tid 5704] [client 137.184.139.63:43760] script 'C:/xampp/htdocs/phpinfo.php' not found or unable to stat
[Sun Jul 20 04:21:32.168014 2025] [php:error] [pid 9184:tid 5704] [client 137.184.139.63:43760] script 'C:/xampp/htdocs/phpinfodev.php' not found or unable to stat
[Sun Jul 20 04:21:32.168014 2025] [php:error] [pid 9184:tid 6176] [client 137.184.139.63:43792] script 'C:/xampp/htdocs/phpsysinfo.php' not found or unable to stat
[Sun Jul 20 04:21:32.168014 2025] [php:error] [pid 9184:tid 524] [client 137.184.139.63:43810] script 'C:/xampp/htdocs/test.php' not found or unable to stat
[Sun Jul 20 04:21:32.168014 2025] [php:error] [pid 9184:tid 5804] [client 137.184.139.63:43804] script 'C:/xampp/htdocs/debug.php' not found or unable to stat
[Sun Jul 20 04:21:32.277395 2025] [php:error] [pid 9184:tid 5704] [client 137.184.139.63:43760] script 'C:/xampp/htdocs/phpinfodev.php' not found or unable to stat
[Sun Jul 20 04:21:32.292959 2025] [php:error] [pid 9184:tid 6176] [client 137.184.139.63:43792] script 'C:/xampp/htdocs/phpsysinfo.php' not found or unable to stat
[Sun Jul 20 04:21:32.292959 2025] [php:error] [pid 9184:tid 524] [client 137.184.139.63:43810] script 'C:/xampp/htdocs/test.php' not found or unable to stat
[Sun Jul 20 04:21:32.292959 2025] [php:error] [pid 9184:tid 5804] [client 137.184.139.63:43804] script 'C:/xampp/htdocs/debug.php' not found or unable to stat
[Sun Jul 20 04:21:32.496092 2025] [php:error] [pid 9184:tid 5804] [client 137.184.139.63:43804] script 'C:/xampp/htdocs/system_info.php' not found or unable to stat
[Sun Jul 20 04:21:32.496092 2025] [php:error] [pid 9184:tid 524] [client 137.184.139.63:43810] script 'C:/xampp/htdocs/test_info.php' not found or unable to stat
[Sun Jul 20 04:21:32.496092 2025] [php:error] [pid 9184:tid 5880] [client 137.184.139.63:43768] script 'C:/xampp/htdocs/pinfo.php' not found or unable to stat
[Sun Jul 20 04:21:32.496092 2025] [php:error] [pid 9184:tid 6176] [client 137.184.139.63:43792] script 'C:/xampp/htdocs/phpversion.php' not found or unable to stat
[Sun Jul 20 04:21:32.605534 2025] [php:error] [pid 9184:tid 5804] [client 137.184.139.63:43804] script 'C:/xampp/htdocs/system_info.php' not found or unable to stat
[Sun Jul 20 04:21:32.605534 2025] [php:error] [pid 9184:tid 524] [client 137.184.139.63:43810] script 'C:/xampp/htdocs/test_info.php' not found or unable to stat
[Sun Jul 20 04:21:32.621167 2025] [php:error] [pid 9184:tid 5880] [client 137.184.139.63:43768] script 'C:/xampp/htdocs/pinfo.php' not found or unable to stat
[Sun Jul 20 04:21:32.621167 2025] [php:error] [pid 9184:tid 6176] [client 137.184.139.63:43792] script 'C:/xampp/htdocs/phpversion.php' not found or unable to stat
[Sun Jul 20 04:21:33.152478 2025] [php:error] [pid 9184:tid 5880] [client 137.184.139.63:43768] script 'C:/xampp/htdocs/main.php' not found or unable to stat
[Sun Jul 20 04:21:33.168057 2025] [php:error] [pid 9184:tid 5704] [client 137.184.139.63:43760] script 'C:/xampp/htdocs/web.php' not found or unable to stat
[Sun Jul 20 04:21:33.277435 2025] [php:error] [pid 9184:tid 5880] [client 137.184.139.63:43768] script 'C:/xampp/htdocs/main.php' not found or unable to stat
[Sun Jul 20 04:21:33.277435 2025] [php:error] [pid 9184:tid 5704] [client 137.184.139.63:43760] script 'C:/xampp/htdocs/web.php' not found or unable to stat
[Sun Jul 20 04:21:34.480543 2025] [php:error] [pid 9184:tid 6004] [client 137.184.139.63:43756] script 'C:/xampp/htdocs/functions.php' not found or unable to stat
[Sun Jul 20 04:21:34.480543 2025] [php:error] [pid 9184:tid 6228] [client 137.184.139.63:43796] script 'C:/xampp/htdocs/settings.php' not found or unable to stat
[Sun Jul 20 04:21:34.480543 2025] [php:error] [pid 9184:tid 5804] [client 137.184.139.63:43804] script 'C:/xampp/htdocs/configuration.php' not found or unable to stat
[Sun Jul 20 04:21:34.480543 2025] [php:error] [pid 9184:tid 6176] [client 137.184.139.63:43792] script 'C:/xampp/htdocs/config.php' not found or unable to stat
[Sun Jul 20 04:21:34.496233 2025] [php:error] [pid 9184:tid 6564] [client 137.184.139.63:43742] script 'C:/xampp/htdocs/LocalConfiguration.php' not found or unable to stat
[Sun Jul 20 04:21:34.589924 2025] [php:error] [pid 9184:tid 6228] [client 137.184.139.63:43796] script 'C:/xampp/htdocs/settings.php' not found or unable to stat
[Sun Jul 20 04:21:34.589924 2025] [php:error] [pid 9184:tid 5804] [client 137.184.139.63:43804] script 'C:/xampp/htdocs/configuration.php' not found or unable to stat
